7*m + 561. Give w(-80).
1
Let l(a) = -a**3 - 58*a**2 + 53*a + 26. Give l(-59).
380
Let j(u) = -16*u**2 - 616*u - 37. What is j(-38)?
267
Let a(f) = -f**3 - 2*f**2 - 3*f + 60. Determine a(0).
60
Let n(p) = -p**3 + 24*p**2 + 73*p - 545. Give n(26).
1
Let c(q) = 10*q - 80. Calculate c(-5).
-130
Let m(l) = l**3 - 18*l**2 - 25*l + 80. Determine m(19).
-34
Let d(l) = -27*l - 269. Determine d(-9).
-26
Let p(z) = -4*z + 126. Determine p(0).
126
Let r(l) = -2*l**2 + 129*l + 1401. Determine r(74).
-5
Let r(f) = -17*f**2 + 172*f + 15. Determine r(10).
35
Let v(b) = 14*b**2 + 9*b + 4. Calculate v(-3).
103
Let t(i) = -i**3 + 15*i**2 + 75*i - 30. Calculate t(19).
-49
Let v(g) = -5*g**3 + g**2 + g + 282. Give v(0).
282
Let r(i) = 2*i**2 + 311*i + 1832. What is r(-6)?
38
Let i(m) = m**2 - 52*m - 23. Give i(13).
-530
Let t(j) = 665*j**2 - 2663*j - 4. Determine t(4).
-16
Let a(b) = -3*b**3 + 50*b**2 - 50*b + 237. Calculate a(16).
-51
Let x(f) = -f**3 + 17*f**2 - 25*f - 60. Give x(15).
15
Let t(y) = -5*y**2 + 2*y + 15. Determine t(-3).
-36
Let x(k) = 4*k**2 - 40*k - 246. Determine x(14).
-22
Let y(v) = 18*v - 332. Give y(20).
28
Let d(w) = 182*w + 735. Determine d(-4).
7
Let s(y) = -4*y**2 - 33*y - 13. Calculate s(-7).
22
Let h(w) = 54*w**3 - w**2 - 5*w - 3. What is h(-1)?
-53
Let c(q) = -2*q**3 + 23*q**2 + 49*q - 2. Give c(13).
128
Let l(d) = 50*d + 430. Give l(-8).
30
Let y(k) = 18*k**3 + 1224*k**2 + 3*k + 230. Give y(-68).
26
Let s(u) = 3*u**3 + 7*u**2 - 7*u - 4. What is s(-6)?
-358
Let k(n) = -145*n + 10134. Give k(70).
-16
Let j(m) = -2*m**2 + 90*m - 592. Calculate j(8).
0
Let t(h) = 2*h**2 - 92*h + 8. What is t(44)?
-168
Let j(o) = o**3 + 88*o**2 + 42*o - 3937. Calculate j(-87).
-22
Let c(t) = 3*t**3 + 14*t**2 - 27*t - 12. Give c(-6).
6
Let t(s) = 3*s**3 - 2*s**2 + 2*s + 57. What is t(0)?
57
Let i(z) = -z**3 - 353*z**2 - 2082*z + 8. Give i(-6).
8
Let t(z) = z**2 - 25*z - 92. What is t(-3)?
-8
Let l(g) = 3311*g - 20013. Give l(6).
-147
Let p(j) = -j**3 - 41*j**2 - 83*j - 15. Give p(-2).
-5
Let y(t) = -2*t**2 - 27*t - 74. What is y(-8)?
14
Let i(t) = -t**2 + 706*t + 41. Determine i(0).
41
Let y(g) = -7*g**3 - 3*g**2 - 17*g - 15. What is y(-1)?
6
Let g(i) = -5*i**3 - 35*i**2 + 6*i - 13. What is g(-7)?
-55
Let y(s) = s**3 - 10*s**2 + 11*s - 129. Give y(10).
-19
Let a(v) = -235*v + 460. Calculate a(2).
-10
Let p(f) = -57*f + 800. Determine p(14).
2
Let t(m) = -19*m**2 + 165*m + 59. Calculate t(9).
5
Let s(v) = 7137*v + 64267. What is s(-9)?
34
Let y(f) = 2*f**2 + 244*f + 939. What is y(-4)?
-5
Let p(y) = 30*y - 5249. What is p(175)?
1
Let m(x) = -38*x**2 + 78*x + 2. Give m(2).
6
Let k(h) = -2*h**2 + 250*h + 2110. Calculate k(-8).
-18
Let c(o) = 4368*o - 26214. Calculate c(6).
-6
Let t(w) = w**3 + 5*w**2 + 11*w - 5. Calculate t(-4).
-33
Let k(i) = 18*i**3 + 2*i**2 + 6*i + 4. Calculate k(-1).
-18
Let j(g) = 6*g**3 + 17*g**2 - 9*g - 7. Calculate j(0).
-7
Let w(a) = 8*a - 40. What is w(13)?
64
Let d(f) = 6*f**2 - 192*f - 20. Calculate d(32).
-20
Let i(a) = 22*a + 829. Give i(-36).
37
Let f(q) = -4*q**2 - 72*q - 262. What is f(-5)?
-2
Let t(h) = 2*h**2 - 15*h + 22. Determine t(4).
-6
Let y(m) = -2*m**3 + 20*m**2 + 19*m + 52. What is y(11)?
19
Let i(o) = -39*o + 160. What is i(4)?
4
Let j(g) = -2*g**3 + 14*g**2 + 9. Calculate j(7).
9
Let p(r) = 193*r - 2. Give p(0).
-2
Let d(r) = -41*r**2 - 1393*r + 30. What is d(-34)?
-4
Let g(t) = t**2 + 40*t + 401. Calculate g(-25).
26
Let p(y) = -1624*y + 12985. Determine p(8).
-7
Let r(b) = -b**3 + 47*b**2 - 36*b - 646. What is r(46)?
-186
Let w(k) = k**3 + 20*k**2 + 10*k + 124. What is w(-20)?
-76
Let m(b) = b**2 + 30*b + 42. What is m(-10)?
-158
Let t(d) = -7*d + 13. What is t(-23)?
174
Let s(d) = 34*d + 530. Calculate s(-17).
-48
Let g(z) = -231*z + 6898. Determine g(30).
-32
Let t(o) = -o**3 - 9*o**2 + 16*o + 73. Calculate t(-10).
13
Let o(z) = -75*z - 23. Calculate o(-2).
127
Let i(n) = n**2 + 110*n + 2118. Calculate i(-25).
-7
Let s(b) = 4*b**2 - 133*b + 26. What is s(32)?
-134
Let x(t) = -21*t - 170. Determine x(-9).
19
Let o(s) = 2*s**3 + 30*s**2 + 7*s - 377. Determine o(-12).
403
Let o(m) = -197*m + 2004. What is o(10)?
34
Let u(l) = 3*l**2 + 29*l + 113. What is u(-8)?
73
Let m(i) = -297*i + 2895. Give m(11).
-372
Let m(h) = -3764*h - 15058. Calculate m(-4).
-2
Let k(t) = t**2 + 12*t + 82. Calculate k(-12).
82
Let l(q) = 2*q**2 - 14*q - 213. What is l(-13)?
307
Let h(q) = -43*q - 1654. Determine h(-26).
-536
Let d(h) = 2*h**3 - 7*h**2 - 10*h + 30. Calculate d(4).
6
Let h(a) = -a**3 - 8*a**2 - 5*a + 13. Calculate h(-7).
-1
Let k(x) = 2*x**3 - 36*x**2 - 804*x - 8. What is k(-13)?
-34
Let l(b) = -95*b + 1110. Determine l(12).
-30
Let k(b) = -54*b - 1635. What is k(-29)?
-69
Let s(x) = -237*x + 232. Give s(1).
-5
Let u(w) = 2*w**2 + 101*w + 15. Give u(-51).
66
Let s(j) = -2*j**2 - 58*j - 366. Determine s(-9).
-6
Let o(q) = -7*q**3 + 28*q**2 - 2. Give o(4).
-2
Let p(o) = 59*o**2 + o + 13. Give p(0).
13
Let w(j) = 420*j - 1692. Calculate w(4).
-12
Let o(y) = -y**3 + 32*y**2 - 89*y - 16. Give o(29).
-74
Let m(i) = i**2 - 217*i + 704. Calculate m(214).
62
Let s(u) = 2*u**2 - 53*u - 357. What is s(32)?
-5
Let u(t) = -28*t + 71. Calculate u(-6).
239
Let l(w) = -30*w**2 - 70*w + 70. Give l(1).
-30
Let q(s) = -s**3 - 99*s**2 + 410*s - 212. Determine q(-103).
-6
Let n(r) = -4*r**2 + 10*r + 12. What is n(6)?
-72
Let q(s) = -s**2 + 72*s + 2433. Determine q(97).
8
Let u(y) = y**3 - 4*y**2 + 19*y - 192. Calculate u(6).
-6
Let c(t) = 3*t**2 - 359*t - 129. Determine c(120).
-9
Let o(n) = n**3 - 42*n**2 + 395*n - 36. Determine o(28).
48
Let z(x) = 389*x + 382. Calculate z(-1).
-7
Let q(j) = j**3 + 15*j**2 - 38*j - 86. Give q(-17).
-18
Let s(m) = -525*m - 8936. Give s(-17).
-11
Let j(l) = -12*l + 16. Give j(-2).
40
Let m(n) = 17*n - 192. What is m(13)?
29
Let s(x) = 3*x**3 - 43*x**2 + 3*x + 90. Give s(14).
-64
Let a(j) = -2*j - 191. Give a(33).
-257
Let d(s) = s**3 - 33*s**2 + 173*s - 287. Calculate d(27).
10
Let a(c) = -c**2 - 46*c + 8885. Determine a(74).
5
Let d(z) = -188*z - 1329. Calculate d(-7).
-13
Let h(d) = -270*d - 540. Determine h(-2).
0
Let r(h) = 3*h**3 - 220*h**2 + 68*h - 52. What is r(73)?
-417
Let a(b) = -24*b - 1089. Give a(-14).
-753
Let m(v) = 9*v**2 - v - 2. Calculate m(0).
-2
Let w(m) = 7*m**3 + 97*m**2 - 12*m + 26. Calculate w(-14).
-2
Let z(h) = -8*h**2 - 394*h - 57. What is z(-49)?
41
Let h(c) = 45*c + 516. Give h(-10).
66
Let q(l) = l**2 + 186*l + 8585. What is q(-102)?
17
Let s(h) = 19684*h - 78738. What is s(4)?
-2
Let a(s) = 6*s - 98. What is a(5)?
-68
Let k(c) = -8*c - 47. Determine k(-9).
25
Let h(j) = -j**3 + 15*j**2 - 124*j + 338. What is h(7)?
-138
Let j(h) = -h**3 - 2*h**2 + 21*h + 64. Give j(-6).
82
Let d(j) = -860*j**2 + 6021*j - 11. Give d(7).
-4
Let t(d) = -4*d**3 + 3*d**2 + 12*d - 5. Give t(2).
-1
Let m(j) = 61*j - 1541. Give m(27).
106
Let n(o) = -o**3 - 31*o**2 - 2*o - 134. Give n(-31).
-72
Let j(b) = b**3 - 37*b**2 + 333*b + 42. Give j(21).
-21
Let h(i) = -i**3 - 13*i**2 - 13*i + 5. Give h(-12).
17
Let k(w) = 6*w**2 + 229*w + 48. Determine k(-38).
10
Let i(r) = -r**3 + 12*r**2 + 257*r - 101. Calculate i(23).
-9
Let g(k) = -7*k**2 + 83*k - 32. What is g(11)?
34
Let a(v) = 2*v**2 - 9*v - 33. Calculate a(8).
23
Let b(h) = -110*h**2 + 1760*h + 7. What is b(16)?
7
Let n(l) = 34*l + 1841. Determine n(-54).
5
Let k(v) = 16378*v - 229298. Calculate k(14).
-6
Let i(n) = -2*n - 247. Determine i(-30).
-187
Let n(o) = -350*o + 19956. What is n(57)?
6
Let d(a) = -799*a**2 - 41*a + 42. What is d(1)?
-798
Let r(k) = -6*k**2 - 221*k + 222. Calculate r(1).
-5
Let i(k) = -44*k - 5100. Determine i(-116).
4
Let j(s) = 526*s - 23669. Calculate j(45).
1
Let c(l) = -l**2 - 37*l + 729. What is c(-51)?
15
Let j(x) = x**3 - 4*x**2 + 154*x - 448. Give j(3).
5
Let z(m) = 3*m**2 + 94*m + 677. Determine z(-20).
-3
Let c(s) = 3*s**3 - 17*s**2 - 9*s + 6. Give c(7).
139
Let x(z) = -32*z**2 - 96*z + 572. Determine x(-6).
-4
Let z(x) = -8*x + 650. Give z(79).
18
Let o(u) = u**2 - 111*u - 1232. Determine o(121).
-22
Let y(g) = -231*g + 2084. Give y(9).
5
Let x(r) = 2*r**3 + 20*r**2 + 4*r + 10. Calculate x(-5).
240
Let f(m) = -m**3 - 3*m**2 + 40*m + 22. Give f(-7).
-62
Let y(u) = 42*u - 652. Calculate y(14).
-64
Let r(p) = p**2 - 